-131 - 4?
-135
In base 10, what is -1604 + 3?
-1601
In base 9, what is 2 - 1801?
-1788
In base 14, what is c - 9?
3
In base 4, what is 23 + -1023?
-1000
In base 4, what is 130 + 2?
132
In base 5, what is -12413 + -10?
-12423
In base 9, what is -6 + 31?
24
In base 6, what is 1 + 203?
204
In base 11, what is 3 - -1a84?
1a87
In base 16, what is 11e6 - 5?
11e1
In base 5, what is -4441 + 0?
-4441
In base 15, what is -b + -a?
-16
In base 5, what is -13020 - -3?
-13012
In base 6, what is -2 - 420?
-422
In base 15, what is -5 + -246?
-24b
In base 15, what is 7e1d + -5?
7e18
In base 11, what is 48 - 9?
3a
In base 14, what is -5 - -26?
21
In base 2, what is -101001111 + -11?
-101010010
In base 15, what is 7 + 28?
30
In base 2, what is -10 + -1001001011?
-1001001101
In base 14, what is 7a - 56?
24
In base 15, what is -1 - -6b5?
6b4
In base 3, what is -20 - -12?
-1
In base 15, what is 0 - -40?
40
In base 3, what is -10110 - 12?
-10122
In base 3, what is 10202 - 1221?
1211
In base 11, what is -6a22 + 1?
-6a21
In base 6, what is -152 - -3?
-145
In base 7, what is 26536 + -4?
26532
In base 3, what is -10 - -1202211?
1202201
In base 5, what is 13 - -2131?
2144
In base 5, what is 10 - -3244?
3304
In base 8, what is 7443 + 2?
7445
In base 14, what is 13 + -7?
a
In base 6, what is 45445 - 2?
45443
In base 6, what is 522 - -5?
531
In base 16, what is -1 - 199?
-19a
In base 11, what is -893 - 1?
-894
In base 8, what is -224 - 1?
-225
In base 5, what is 23431 + -2?
23424
In base 5, what is 0 + -2001?
-2001
In base 15, what is -1 - 5b3?
-5b4
In base 16, what is -351 + 4?
-34d
In base 4, what is -1 + 130302?
130301
In base 5, what is 11 - 140?
-124
In base 10, what is -1 - 66?
-67
In base 14, what is -5 - -12?
b
In base 15, what is -22 - 13b?
-15d
In base 7, what is 10 + 1046?
1056
In base 3, what is 1 - -10010221?
10010222
In base 5, what is -2200 + 33?
-2112
In base 5, what is 1 + -13220?
-13214
In base 2, what is 1001100 - 1011?
1000001
In base 16, what is -1 - -1a?
19
In base 10, what is -7 + 47?
40
In base 5, what is 13 + 41?
104
In base 16, what is 8cb + 3?
8ce
In base 2, what is 10 + 1100?
1110
In base 11, what is 7 - 185?
-179
In base 4, what is 21 + 2013?
2100
In base 13, what is ac - 5?
a7
In base 5, what is 122 - -44?
221
In base 9, what is 368 - 3?
365
In base 8, what is -20016 - -3?
-20013
In base 4, what is -31200 + -1?
-31201
In base 4, what is -32 + -103?
-201
In base 11, what is -a72 - -5?
-a68
In base 10, what is -2 + -64?
-66
In base 8, what is 4 - -67?
73
In base 9, what is -18 - 1?
-20
In base 14, what is -5 + 38?
33
In base 14, what is 15a - 7?
153
In base 11, what is -129 + 0?
-129
In base 15, what is -10 - -7d?
6d
In base 12, what is 8543 + -2?
8541
In base 4, what is 1 - 20?
-13
In base 13, what is -3 - -34?
31
In base 7, what is -33 + -4?
-40
In base 7, what is -1112 - -4?
-1105
In base 14, what is -18c - -5?
-187
In base 14, what is -5 - -5b?
56
In base 6, what is 5 + -140?
-131
In base 9, what is -18 - -5?
-13
In base 7, what is -2 + 5?
3
In base 13, what is 4 - -8c5?
8c9
In base 7, what is 43 + 4?
50
In base 4, what is -211 - -33?
-112
In base 11, what is 1 - -51?
52
In base 4, what is 1231 + 20?
1311
In base 4, what is -230 - -20?
-210
In base 5, what is -2033042 + 0?
-2033042
In base 9, what is 661 - -10?
671
In base 11, what is 10 + 1?
11
In base 12, what is 371 - 1?
370
In base 6, what is 2212 + 15?
2231
In base 12, what is -4ba - 0?
-4ba
In base 14, what is a - -ca?
d6
In base 7, what is 4 + -330?
-323
In base 2, what is -100 + 100000111?
100000011
In base 14, what is -76a + -5?
-771
In base 3, what is -1211 - 2?
-1220
In base 5, what is 43 - -21?
114
In base 15, what is 1 - -99?
9a
In base 7, what is 2 - 104?
-102
In base 11, what is 392a + -6?
3924
In base 5, what is 1 + -12312?
-12311
In base 5, what is -20 + -22?
-42
In base 8, what is -37 + -5?
-44
In base 16, what is -3 - -14?
11
In base 4, what is 33022 - -3?
33031
In base 7, what is -162 + -66?
-261
In base 16, what is -2 + -355?
-357
In base 11, what is -1127 - 3?
-112a
In base 7, what is -3 - -12012?
12006
In base 12, what is -3432b - -5?
-34326
In base 10, what is 1 - -15?
16
In base 10, what is 3 - 81?
-78
In base 14, what is 5 - -26?
2b
In base 15, what is 115 + 5e?
174
In base 3, what is 12 + -100?
-11
In base 15, what is -4 + -1e?
-23
In base 5, what is -43 + 14004?
13411
In base 11, what is -3 + 315?
312
In base 12, what is 360 - -17?
377
In base 9, what is -1124 - -1?
-1123
In base 8, what is 5 - 215?
-210
In base 10, what is -1620 - -2?
-1618
In base 3, what is 2000111021 + 1?
2000111022
In base 13, what is -22 + c0?
9b
In base 11, what is 3 + 283?
286
In base 12, what is -5 + 38?
33
In base 10, what is -234 + -14?
-248
In base 7, what is -3 - -245?
242
In base 15, what is 2 + b73?
b75
In base 6, what is 30 - -31?
101
In base 13, what is -3 - 26?
-29
In base 2, what is -1110 + 1011001?
1001011
In base 7, what is -11 - 105?
-116
In base 4, what is 3300 + -121?
3113
In base 10, what is -1 - 9?
-10
In base 6, what is -4 - -414?
410
In base 4, what is 100 - -1210?
1310
In base 10, what is -1 - -234?
233
In base 2, what is -1110000 + -1010?
-1111010
In base 3, what is 1 + -11?
-10
In base 7, what is 342 + 0?
342
In base 7, what is 200 - -11?
211
In base 5, what is 30442 - 2?
30440
In base 15, what is 0 + -492?
-492
In base 3, what is -2222 + 12?
-2210
In base 6, what is -22 + -2251?
-2313
In base 8, what is -35 - -10?
-25
In base 5, what is -4 + -10432?
-10441
In base 10, what is 0 + 90?
90
In base 5, what is -4 + -100?
-104
In base 8, what is 3 - -212?
215
In base 2, what is 100 + 1101011?
1101111
In base 15, what is d + -18?
-a
In base 8, what is 0 - 5031?
-5031
In base 11, what is 1 - 3470?
-346a
In base 2, what is 1101 + -11100010?
-11010101
In base 12, what is 2 + b4?
b6
In base 3, what is 101111210 - 11?
101111122
In base 7, what is 1 + -4114?
-4113
In base 5, what is -4 - 310?
-314
In base 5, what is -1 - -3?
2
In base 4, what is 130222 - 2?
130220
In base 4, what is -1233 - 1033?
-2332
In base 9, what is -37 - -7?
-30
In base 12, what is -478 + -6?
-482
In base 13, what is 4 + -26?
-22
In base 12, what is -2 - -1b?
19
In base 4, what is 3 + 1231?
1300
In base 3, what is -1211 - 20?
-2001
In base 14, what is 3 - -26?
29
In base 6, what is -5 + -3?
-12
In base 5, what is -21 - 3420?
-3441
In base 2, what is 1 + 101100?
101101
In base 5, what is 10323 + -1?
10322
In base 15, what is -101 + 0?
-101
In base 5, what is 211 - -10?
221
In base 3, what is -12102220 - -2?
-12102211
In base 2, what is -11100011010 + 0?
-11100011010
In base 10, what is 45 - 2?
43
In base 3, what is -22202 - -101?
-22101
In base 12, what is -3a + -88?
-106
In base 3, what is -1222122 + 12?
-1222110
In base 16, what is 5 + -b86?
-b81
In base 13, what is 2 + 14?
16
In base 12, what is 13b - -6?
145
In base 3, what is -1012 + 100212?
22200
In base 5, what is 40 - 21?
14
In base 2, what is -101101010 - 1?
-101101011
In base 16, what is -11 - -4?
-d
In base 10, what is -5 + -6860?
-6865
In base 6, what is -42 + -10?
-52
In base 13, what is -5 + -3?
-8
In base 9, what is -16 + -318?
-335
In base 3, what is -122020 - 1?
-122021
In base 8, what is -37 - -63?
24
In base 11, what is -4 + -1042?
-1046
In base 6, what is 552 + -23?
525
In base 11, what is -197 + 4?
-193
In base 7, what is 524 - -22?
546
In base 7, what is -6 + 502?
463
In base 3, what is 11 + -221012?
-221001
In base 3, what is 10101 + 2102?
12210
In base 10, what is 214 + -5?
209
In base 8, what is -653 - 5?
-660
In base 16, what is 2 + 12?
14
In base 9, what is -1614 - -14?
-1600
In base 3, what is 1212022 - 12?
1212010
In base 14, what is -3 + -386?
-389
In base 14, what is 3c5 - 8?
3bb
In base 15, what is -20 - -4a?
2a
In base 14, what is -8 - 3c?
-46
In base 6, what is 155 - -1?
200
In base 11, what is 5 - -3814?
3819
In base 15, what is 78b + -2?
789
In base 9, what is -2 + 35?
33
In base 2, what is 10101 + -10000?
101
In base 8, what is 4043 - -17?
4062
In base 7, what is 12 - 34?
-22
In base 2, what is 1 - 11010?
-11001
In base 13, what is 18 - -8?
23
In base 16, what is -1 - -11c1?
11c0
In base 4, what is -302103 - -2?
-302101
In base 9, what is -7 - 130?
-137
In base 12, what is -152 + -4?
-156
In base 9, what is -4176 + -